{"id":5090,"date":"2024-01-15T12:23:33","date_gmt":"2024-01-15T12:23:33","guid":{"rendered":"https:\/\/gaszug-randen.de\/?page_id=5090"},"modified":"2024-01-16T12:03:19","modified_gmt":"2024-01-16T12:03:19","slug":"impressum","status":"publish","type":"page","link":"https:\/\/gaszug-randen.de\/?page_id=5090","title":{"rendered":"Impressum"},"content":{"rendered":"\t\t<div data-elementor-type=\"wp-page\" data-elementor-id=\"5090\" class=\"elementor elementor-5090\">\n\t\t\t\t\t\t<section class=\"elementor-section elementor-top-section elementor-element elementor-element-68f477fd elementor-section-height-min-height elementor-section-boxed elementor-section-height-default elementor-section-items-middle\" data-id=\"68f477fd\" data-element_type=\"section\" data-settings=\"{&quot;background_background&quot;:&quot;classic&quot;}\">\n\t\t\t\t\t\t\t<div class=\"elementor-background-overlay\"><\/div>\n\t\t\t\t\t\t\t<div class=\"elementor-container elementor-column-gap-default\">\n\t\t\t\t\t<div class=\"elementor-column elementor-col-100 elementor-top-column elementor-element elementor-element-a5d03d5\" data-id=\"a5d03d5\" data-element_type=\"column\">\n\t\t\t<div class=\"elementor-widget-wrap elementor-element-populated\">\n\t\t\t\t\t\t<div class=\"elementor-element elementor-element-18ae890 elementor-hidden-mobile elementor-widget elementor-widget-image\" data-id=\"18ae890\" data-element_type=\"widget\" data-widget_type=\"image.default\">\n\t\t\t\t<div class=\"elementor-widget-container\">\n\t\t\t\t\t\t\t\t\t\t\t\t\t\t\t<img decoding=\"async\" width=\"180\" height=\"87\" src=\"https:\/\/gaszug-randen.de\/wp-content\/uploads\/2023\/12\/cropped-cropped-logo_gaszug-maennchen_ohne_tribal_web-e1703154519928-150x73.png\" class=\"attachment-large size-large wp-image-1457\" alt=\"Gaszug M\u00e4nnchen Logo\" srcset=\"https:\/\/gaszug-randen.de\/wp-content\/uploads\/2023\/12\/cropped-cropped-logo_gaszug-maennchen_ohne_tribal_web-e1703154519928.png 1x, https:\/\/gaszug-randen.de\/wp-content\/uploads\/2023\/12\/cropped-cropped-logo_gaszug-maennchen_ohne_tribal_web-e1703154519928.png 2x\" sizes=\"(max-width: 180px) 100vw, 180px\" \/>\t\t\t\t\t\t\t\t\t\t\t\t\t\t\t<\/div>\n\t\t\t\t<\/div>\n\t\t\t\t<div class=\"elementor-element elementor-element-5ad9669c elementor-invisible elementor-widget elementor-widget-heading\" data-id=\"5ad9669c\" data-element_type=\"widget\" data-settings=\"{&quot;_animation&quot;:&quot;fadeIn&quot;}\" data-widget_type=\"heading.default\">\n\t\t\t\t<div class=\"elementor-widget-container\">\n\t\t\t\t\t<div class=\"elementor-heading-title elementor-size-large\">IMPRESSUM<\/div>\t\t\t\t<\/div>\n\t\t\t\t<\/div>\n\t\t\t\t\t<\/div>\n\t\t<\/div>\n\t\t\t\t\t<\/div>\n\t\t<\/section>\n\t\t\t\t<section class=\"elementor-section elementor-top-section elementor-element elementor-element-464c6ff elementor-section-boxed elementor-section-height-default elementor-section-height-default\" data-id=\"464c6ff\" data-element_type=\"section\">\n\t\t\t\t\t\t<div class=\"elementor-container elementor-column-gap-default\">\n\t\t\t\t\t<div class=\"elementor-column elementor-col-100 elementor-top-column elementor-element elementor-element-ad9cde1\" data-id=\"ad9cde1\" data-element_type=\"column\">\n\t\t\t<div class=\"elementor-widget-wrap elementor-element-populated\">\n\t\t\t\t\t\t<div class=\"elementor-element elementor-element-6bbc617 elementor-widget elementor-widget-text-editor\" data-id=\"6bbc617\" data-element_type=\"widget\" data-widget_type=\"text-editor.default\">\n\t\t\t\t<div class=\"elementor-widget-container\">\n\t\t\t\t\t\t\t\t\t<p>Guggenmusik Gaszug Randen<br \/>H\u00f6henstra\u00dfe 13a<br \/>78176 Blumberg<\/p><p>Telefon: \u2013<br \/>E-Mail:\u00a0<a href=\"mailto:1.Vorstand@gaszug-randen.de\">1.Vorstand@gaszug-randen.de<\/a><\/p><p><strong>Vertreten durch:<\/strong><br \/>1. Vorstand: Daniel Zepf<\/p><p>2. Vorstand: Sascha Meyer<\/p><p>Schriftf\u00fchrerin: Nadine M\u00fcller<\/p><p>Kassierer: Marius Gleichauf<\/p><p><strong>Registereintrag:<\/strong><br \/>Eingetragen im Vereinsregister.<br \/>Registergericht: Amtsgericht Freiburg<br \/>Registernummer: VR 610556<\/p><p><strong>Streitschlichtung:<\/strong><\/p><p>Die Europ\u00e4ische Kommission stellt eine Plattform zur Online-Streitbeilegung (OS) bereit:\u00a0<a href=\"https:\/\/ec.europa.eu\/consumers\/odr\" target=\"_blank\" rel=\"noopener noreferrer\" data-track-action=\"link_clicked\" data-track-event=\"click\">https:\/\/ec.europa.eu\/consumers\/odr<\/a>.<br \/>Unsere E-Mail-Adresse finden Sie oben im Impressum.<\/p><p>Wir sind nicht bereit oder verpflichtet, an Streitbeilegungsverfahren vor einer Verbraucherschlichtungsstelle teilzunehmen.<\/p><h3>Disclaimer \u2013 rechtliche Hinweise<\/h3><p>\u00a7 1 Warnhinweis zu Inhalten<br \/>Die kostenlosen und frei zug\u00e4nglichen Inhalte dieser Webseite wurden mit gr\u00f6\u00dftm\u00f6glicher Sorgfalt erstellt. Der Anbieter dieser Webseite \u00fcbernimmt jedoch keine Gew\u00e4hr f\u00fcr die Richtigkeit und Aktualit\u00e4t der bereitgestellten kostenlosen und frei zug\u00e4nglichen journalistischen Ratgeber und Nachrichten. Namentlich gekennzeichnete Beitr\u00e4ge geben die Meinung des jeweiligen Autors und nicht immer die Meinung des Anbieters wieder. Allein durch den Aufruf der kostenlosen und frei zug\u00e4nglichen Inhalte kommt keinerlei Vertragsverh\u00e4ltnis zwischen dem Nutzer und dem Anbieter zustande, insoweit fehlt es am Rechtsbindungswillen des Anbieters.<\/p><p>\u00a7 2 Externe Links<br \/>Diese Website enth\u00e4lt Verkn\u00fcpfungen zu Websites Dritter (\u201eexterne Links\u201c). Diese Websites unterliegen der Haftung der jeweiligen Betreiber. Der Anbieter hat bei der erstmaligen Verkn\u00fcpfung der externen Links die fremden Inhalte daraufhin \u00fcberpr\u00fcft, ob etwaige Rechtsverst\u00f6\u00dfe bestehen. Zu dem Zeitpunkt waren keine Rechtsverst\u00f6\u00dfe ersichtlich. Der Anbieter hat keinerlei Einfluss auf die aktuelle und zuk\u00fcnftige Gestaltung und auf die Inhalte der verkn\u00fcpften Seiten. Das Setzen von externen Links bedeutet nicht, dass sich der Anbieter die hinter dem Verweis oder Link liegenden Inhalte zu Eigen macht. Eine st\u00e4ndige Kontrolle der externen Links ist f\u00fcr den Anbieter ohne konkrete Hinweise auf Rechtsverst\u00f6\u00dfe nicht zumutbar. Bei Kenntnis von Rechtsverst\u00f6\u00dfen werden jedoch derartige externe Links unverz\u00fcglich gel\u00f6scht.<\/p><p>\u00a7 3 Urheber- und Leistungsschutzrechte<br \/>Die auf dieser Website ver\u00f6ffentlichten Inhalte unterliegen dem deutschen Urheber- und Leistungsschutzrecht. Jede vom deutschen Urheber- und Leistungsschutzrecht nicht zugelassene Verwertung bedarf der vorherigen schriftlichen Zustimmung des Anbieters oder jeweiligen Rechteinhabers. Dies gilt insbesondere f\u00fcr Vervielf\u00e4ltigung, Bearbeitung, \u00dcbersetzung, Einspeicherung, Verarbeitung bzw. Wiedergabe von Inhalten in Datenbanken oder anderen elektronischen Medien und Systemen. Inhalte und Rechte Dritter sind dabei als solche gekennzeichnet. Die unerlaubte Vervielf\u00e4ltigung oder Weitergabe einzelner Inhalte oder kompletter Seiten ist nicht gestattet und strafbar. Lediglich die Herstellung von Kopien und Downloads f\u00fcr den pers\u00f6nlichen, privaten und nicht kommerziellen Gebrauch ist erlaubt.<\/p><p>Die Darstellung dieser Website in fremden Frames ist nur mit schriftlicher Erlaubnis zul\u00e4ssig.<\/p><p>\u00a7 4 Besondere Nutzungsbedingungen<br \/>Soweit besondere Bedingungen f\u00fcr einzelne Nutzungen dieser Website von den vorgenannten Paragraphen abweichen, wird an entsprechender Stelle ausdr\u00fccklich darauf hingewiesen. In diesem Falle gelten im jeweiligen Einzelfall die besonderen Nutzungsbedingungen.<\/p><p>Quelle:\u00a0<a href=\"https:\/\/www.juraforum.de\/impressum-generator\/\">Impressum Muster von JuraForum.de<\/a><\/p>\t\t\t\t\t\t\t\t<\/div>\n\t\t\t\t<\/div>\n\t\t\t\t\t<\/div>\n\t\t<\/div>\n\t\t\t\t\t<\/div>\n\t\t<\/section>\n\t\t\t\t<section class=\"elementor-section elementor-top-section elementor-element elementor-element-39442b5d elementor-section-boxed elementor-section-height-default elementor-section-height-default\" data-id=\"39442b5d\" data-element_type=\"section\" data-settings=\"{&quot;background_background&quot;:&quot;classic&quot;}\">\n\t\t\t\t\t\t<div class=\"elementor-container elementor-column-gap-default\">\n\t\t\t\t\t<div class=\"elementor-column elementor-col-100 elementor-top-column elementor-element elementor-element-49bd20ed\" data-id=\"49bd20ed\" data-element_type=\"column\">\n\t\t\t<div class=\"elementor-widget-wrap elementor-element-populated\">\n\t\t\t\t\t\t<div class=\"elementor-element elementor-element-5373ccf elementor-widget elementor-widget-heading\" data-id=\"5373ccf\" data-element_type=\"widget\" data-widget_type=\"heading.default\">\n\t\t\t\t<div class=\"elementor-widget-container\">\n\t\t\t\t\t<h2 class=\"elementor-heading-title elementor-size-xl\"><a href=\"#\">Folgt uns auch auf social media<\/a><\/h2>\t\t\t\t<\/div>\n\t\t\t\t<\/div>\n\t\t\t\t<div class=\"elementor-element elementor-element-79ff81d1 elementor-shape-circle elementor-grid-0 e-grid-align-center elementor-widget elementor-widget-social-icons\" data-id=\"79ff81d1\" data-element_type=\"widget\" data-widget_type=\"social-icons.default\">\n\t\t\t\t<div class=\"elementor-widget-container\">\n\t\t\t\t\t\t\t<div class=\"elementor-social-icons-wrapper elementor-grid\">\n\t\t\t\t\t\t\t<span class=\"elementor-grid-item\">\n\t\t\t\t\t<a class=\"elementor-icon elementor-social-icon elementor-social-icon-facebook-f elementor-repeater-item-c547915\" href=\"https:\/\/www.facebook.com\/gaszug\/?locale=de_DE\" target=\"_blank\">\n\t\t\t\t\t\t<span class=\"elementor-screen-only\">Facebook-f<\/span>\n\t\t\t\t\t\t<i class=\"fab fa-facebook-f\"><\/i>\t\t\t\t\t<\/a>\n\t\t\t\t<\/span>\n\t\t\t\t\t\t\t<span class=\"elementor-grid-item\">\n\t\t\t\t\t<a class=\"elementor-icon elementor-social-icon elementor-social-icon-instagram elementor-repeater-item-b20b458\" href=\"https:\/\/www.instagram.com\/gaszug_randen84\/?hl=de\" target=\"_blank\">\n\t\t\t\t\t\t<span class=\"elementor-screen-only\">Instagram<\/span>\n\t\t\t\t\t\t<i class=\"fab fa-instagram\"><\/i>\t\t\t\t\t<\/a>\n\t\t\t\t<\/span>\n\t\t\t\t\t<\/div>\n\t\t\t\t\t\t<\/div>\n\t\t\t\t<\/div>\n\t\t\t\t\t<\/div>\n\t\t<\/div>\n\t\t\t\t\t<\/div>\n\t\t<\/section>\n\t\t\t\t<\/div>\n\t\t","protected":false},"excerpt":{"rendered":"<p>IMPRESSUM Guggenmusik Gaszug RandenH\u00f6henstra\u00dfe 13a78176 Blumberg Telefon: \u2013E-Mail:\u00a01.Vorstand@gaszug-randen.de Vertreten durch:1. Vorstand: Daniel Zepf 2. Vorstand: Sascha Meyer Schriftf\u00fchrerin: Nadine M\u00fcller Kassierer: Marius Gleichauf Registereintrag:Eingetragen im Vereinsregister.Registergericht: Amtsgericht FreiburgRegisternummer: VR 610556 Streitschlichtung: Die Europ\u00e4ische Kommission stellt eine Plattform zur Online-Streitbeilegung (OS) bereit:\u00a0https:\/\/ec.europa.eu\/consumers\/odr.Unsere E-Mail-Adresse finden Sie oben im Impressum. Wir sind nicht bereit oder verpflichtet, an Streitbeilegungsverfahren &hellip;<\/p>\n<p class=\"read-more\"> <a class=\"\" href=\"https:\/\/gaszug-randen.de\/?page_id=5090\"> <span class=\"screen-reader-text\">Impressum<\/span> Weiterlesen &raquo;<\/a><\/p>\n","protected":false},"author":1,"featured_media":0,"parent":0,"menu_order":0,"comment_status":"closed","ping_status":"closed","template":"","meta":{"site-sidebar-layout":"no-sidebar","site-content-layout":"page-builder","ast-site-content-layout":"","site-content-style":"default","site-sidebar-style":"default","ast-global-header-display":"","ast-banner-title-visibility":"","ast-main-header-display":"","ast-hfb-above-header-display":"","ast-hfb-below-header-display":"","ast-hfb-mobile-header-display":"","site-post-title":"disabled","ast-breadcrumbs-content":"","ast-featured-img":"disabled","footer-sml-layout":"","theme-transparent-header-meta":"enabled","adv-header-id-meta":"","stick-header-meta":"","header-above-stick-meta":"","header-main-stick-meta":"","header-below-stick-meta":"","astra-migrate-meta-layouts":"default","ast-page-background-enabled":"default","ast-page-background-meta":{"desktop":{"background-color":"","background-image":"","background-repeat":"repeat","background-position":"center center","background-size":"auto","background-attachment":"scroll","background-type":"","background-media":"","overlay-type":"","overlay-color":"","overlay-gradient":""},"tablet":{"background-color":"","background-image":"","background-repeat":"repeat","background-position":"center center","background-size":"auto","background-attachment":"scroll","background-type":"","background-media":"","overlay-type":"","overlay-color":"","overlay-gradient":""},"mobile":{"background-color":"","background-image":"","background-repeat":"repeat","background-position":"center center","background-size":"auto","background-attachment":"scroll","background-type":"","background-media":"","overlay-type":"","overlay-color":"","overlay-gradient":""}},"ast-content-background-meta":{"desktop":{"background-color":"var(--ast-global-color-5)","background-image":"","background-repeat":"repeat","background-position":"center center","background-size":"auto","background-attachment":"scroll","background-type":"","background-media":"","overlay-type":"","overlay-color":"","overlay-gradient":""},"tablet":{"background-color":"var(--ast-global-color-5)","background-image":"","background-repeat":"repeat","background-position":"center center","background-size":"auto","background-attachment":"scroll","background-type":"","background-media":"","overlay-type":"","overlay-color":"","overlay-gradient":""},"mobile":{"background-color":"var(--ast-global-color-5)","background-image":"","background-repeat":"repeat","background-position":"center center","background-size":"auto","background-attachment":"scroll","background-type":"","background-media":"","overlay-type":"","overlay-color":"","overlay-gradient":""}},"footnotes":""},"yoast_head":"<!-- This site is optimized with the Yoast SEO plugin v22.5 - https:\/\/yoast.com\/wordpress\/plugins\/seo\/ -->\n<title>Impressum - Outdoor Adventure<\/title>\n<meta name=\"robots\" content=\"index, follow, max-snippet:-1, max-image-preview:large, max-video-preview:-1\" \/>\n<link rel=\"canonical\" href=\"https:\/\/gaszug-randen.de\/?page_id=5090\" \/>\n<meta property=\"og:locale\" content=\"de_DE\" \/>\n<meta property=\"og:type\" content=\"article\" \/>\n<meta property=\"og:title\" content=\"Impressum - Outdoor Adventure\" \/>\n<meta property=\"og:description\" content=\"IMPRESSUM Guggenmusik Gaszug RandenH\u00f6henstra\u00dfe 13a78176 Blumberg Telefon: \u2013E-Mail:\u00a01.Vorstand@gaszug-randen.de Vertreten durch:1. Vorstand: Daniel Zepf 2. Vorstand: Sascha Meyer Schriftf\u00fchrerin: Nadine M\u00fcller Kassierer: Marius Gleichauf Registereintrag:Eingetragen im Vereinsregister.Registergericht: Amtsgericht FreiburgRegisternummer: VR 610556 Streitschlichtung: Die Europ\u00e4ische Kommission stellt eine Plattform zur Online-Streitbeilegung (OS) bereit:\u00a0https:\/\/ec.europa.eu\/consumers\/odr.Unsere E-Mail-Adresse finden Sie oben im Impressum. Wir sind nicht bereit oder verpflichtet, an Streitbeilegungsverfahren &hellip; Impressum Weiterlesen &raquo;\" \/>\n<meta property=\"og:url\" content=\"https:\/\/gaszug-randen.de\/?page_id=5090\" \/>\n<meta property=\"og:site_name\" content=\"Outdoor Adventure\" \/>\n<meta property=\"article:publisher\" content=\"https:\/\/www.facebook.com\/gaszug\/?locale=de_DE\" \/>\n<meta property=\"article:modified_time\" content=\"2024-01-16T12:03:19+00:00\" \/>\n<meta property=\"og:image\" content=\"https:\/\/gaszug-randen.de\/wp-content\/uploads\/2023\/12\/cropped-cropped-logo_gaszug-maennchen_ohne_tribal_web-e1703154519928-150x73.png\" \/>\n<meta name=\"twitter:card\" content=\"summary_large_image\" \/>\n<meta name=\"twitter:label1\" content=\"Gesch\u00e4tzte Lesezeit\" \/>\n\t<meta name=\"twitter:data1\" content=\"3\u00a0Minuten\" \/>\n<script type=\"application\/ld+json\" class=\"yoast-schema-graph\">{\"@context\":\"https:\/\/schema.org\",\"@graph\":[{\"@type\":\"WebPage\",\"@id\":\"https:\/\/gaszug-randen.de\/?page_id=5090\",\"url\":\"https:\/\/gaszug-randen.de\/?page_id=5090\",\"name\":\"Impressum - Outdoor Adventure\",\"isPartOf\":{\"@id\":\"https:\/\/gaszug-randen.de\/#website\"},\"primaryImageOfPage\":{\"@id\":\"https:\/\/gaszug-randen.de\/?page_id=5090#primaryimage\"},\"image\":{\"@id\":\"https:\/\/gaszug-randen.de\/?page_id=5090#primaryimage\"},\"thumbnailUrl\":\"https:\/\/gaszug-randen.de\/wp-content\/uploads\/2023\/12\/cropped-cropped-logo_gaszug-maennchen_ohne_tribal_web-e1703154519928-150x73.png\",\"datePublished\":\"2024-01-15T12:23:33+00:00\",\"dateModified\":\"2024-01-16T12:03:19+00:00\",\"breadcrumb\":{\"@id\":\"https:\/\/gaszug-randen.de\/?page_id=5090#breadcrumb\"},\"inLanguage\":\"de\",\"potentialAction\":[{\"@type\":\"ReadAction\",\"target\":[\"https:\/\/gaszug-randen.de\/?page_id=5090\"]}]},{\"@type\":\"ImageObject\",\"inLanguage\":\"de\",\"@id\":\"https:\/\/gaszug-randen.de\/?page_id=5090#primaryimage\",\"url\":\"https:\/\/gaszug-randen.de\/wp-content\/uploads\/2023\/12\/cropped-cropped-logo_gaszug-maennchen_ohne_tribal_web-e1703154519928.png\",\"contentUrl\":\"https:\/\/gaszug-randen.de\/wp-content\/uploads\/2023\/12\/cropped-cropped-logo_gaszug-maennchen_ohne_tribal_web-e1703154519928.png\",\"width\":180,\"height\":87,\"caption\":\"Gaszug M\u00e4nnchen Logo\"},{\"@type\":\"BreadcrumbList\",\"@id\":\"https:\/\/gaszug-randen.de\/?page_id=5090#breadcrumb\",\"itemListElement\":[{\"@type\":\"ListItem\",\"position\":1,\"name\":\"Startseite\",\"item\":\"https:\/\/gaszug-randen.de\/\"},{\"@type\":\"ListItem\",\"position\":2,\"name\":\"Impressum\"}]},{\"@type\":\"WebSite\",\"@id\":\"https:\/\/gaszug-randen.de\/#website\",\"url\":\"https:\/\/gaszug-randen.de\/\",\"name\":\"Gaszug Randen\",\"description\":\"Guggenmusik\",\"publisher\":{\"@id\":\"https:\/\/gaszug-randen.de\/#organization\"},\"potentialAction\":[{\"@type\":\"SearchAction\",\"target\":{\"@type\":\"EntryPoint\",\"urlTemplate\":\"https:\/\/gaszug-randen.de\/?s={search_term_string}\"},\"query-input\":\"required name=search_term_string\"}],\"inLanguage\":\"de\"},{\"@type\":\"Organization\",\"@id\":\"https:\/\/gaszug-randen.de\/#organization\",\"name\":\"Gaszug Randen\",\"alternateName\":\"Guggenmusik\",\"url\":\"https:\/\/gaszug-randen.de\/\",\"logo\":{\"@type\":\"ImageObject\",\"inLanguage\":\"de\",\"@id\":\"https:\/\/gaszug-randen.de\/#\/schema\/logo\/image\/\",\"url\":\"https:\/\/gaszug-randen.de\/wp-content\/uploads\/2023\/12\/cropped-cropped-logo_gaszug-maennchen_ohne_tribal_web-e1703154519928.png\",\"contentUrl\":\"https:\/\/gaszug-randen.de\/wp-content\/uploads\/2023\/12\/cropped-cropped-logo_gaszug-maennchen_ohne_tribal_web-e1703154519928.png\",\"width\":180,\"height\":87,\"caption\":\"Gaszug Randen\"},\"image\":{\"@id\":\"https:\/\/gaszug-randen.de\/#\/schema\/logo\/image\/\"},\"sameAs\":[\"https:\/\/www.facebook.com\/gaszug\/?locale=de_DE\",\"https:\/\/www.instagram.com\/gaszug_randen84\/?hl=de\"]}]}<\/script>\n<!-- \/ Yoast SEO plugin. -->","yoast_head_json":{"title":"Impressum - Outdoor Adventure","robots":{"index":"index","follow":"follow","max-snippet":"max-snippet:-1","max-image-preview":"max-image-preview:large","max-video-preview":"max-video-preview:-1"},"canonical":"https:\/\/gaszug-randen.de\/?page_id=5090","og_locale":"de_DE","og_type":"article","og_title":"Impressum - Outdoor Adventure","og_description":"IMPRESSUM Guggenmusik Gaszug RandenH\u00f6henstra\u00dfe 13a78176 Blumberg Telefon: \u2013E-Mail:\u00a01.Vorstand@gaszug-randen.de Vertreten durch:1. Vorstand: Daniel Zepf 2. Vorstand: Sascha Meyer Schriftf\u00fchrerin: Nadine M\u00fcller Kassierer: Marius Gleichauf Registereintrag:Eingetragen im Vereinsregister.Registergericht: Amtsgericht FreiburgRegisternummer: VR 610556 Streitschlichtung: Die Europ\u00e4ische Kommission stellt eine Plattform zur Online-Streitbeilegung (OS) bereit:\u00a0https:\/\/ec.europa.eu\/consumers\/odr.Unsere E-Mail-Adresse finden Sie oben im Impressum. Wir sind nicht bereit oder verpflichtet, an Streitbeilegungsverfahren &hellip; Impressum Weiterlesen &raquo;","og_url":"https:\/\/gaszug-randen.de\/?page_id=5090","og_site_name":"Outdoor Adventure","article_publisher":"https:\/\/www.facebook.com\/gaszug\/?locale=de_DE","article_modified_time":"2024-01-16T12:03:19+00:00","og_image":[{"url":"https:\/\/gaszug-randen.de\/wp-content\/uploads\/2023\/12\/cropped-cropped-logo_gaszug-maennchen_ohne_tribal_web-e1703154519928-150x73.png"}],"twitter_card":"summary_large_image","twitter_misc":{"Gesch\u00e4tzte Lesezeit":"3\u00a0Minuten"},"schema":{"@context":"https:\/\/schema.org","@graph":[{"@type":"WebPage","@id":"https:\/\/gaszug-randen.de\/?page_id=5090","url":"https:\/\/gaszug-randen.de\/?page_id=5090","name":"Impressum - Outdoor Adventure","isPartOf":{"@id":"https:\/\/gaszug-randen.de\/#website"},"primaryImageOfPage":{"@id":"https:\/\/gaszug-randen.de\/?page_id=5090#primaryimage"},"image":{"@id":"https:\/\/gaszug-randen.de\/?page_id=5090#primaryimage"},"thumbnailUrl":"https:\/\/gaszug-randen.de\/wp-content\/uploads\/2023\/12\/cropped-cropped-logo_gaszug-maennchen_ohne_tribal_web-e1703154519928-150x73.png","datePublished":"2024-01-15T12:23:33+00:00","dateModified":"2024-01-16T12:03:19+00:00","breadcrumb":{"@id":"https:\/\/gaszug-randen.de\/?page_id=5090#breadcrumb"},"inLanguage":"de","potentialAction":[{"@type":"ReadAction","target":["https:\/\/gaszug-randen.de\/?page_id=5090"]}]},{"@type":"ImageObject","inLanguage":"de","@id":"https:\/\/gaszug-randen.de\/?page_id=5090#primaryimage","url":"https:\/\/gaszug-randen.de\/wp-content\/uploads\/2023\/12\/cropped-cropped-logo_gaszug-maennchen_ohne_tribal_web-e1703154519928.png","contentUrl":"https:\/\/gaszug-randen.de\/wp-content\/uploads\/2023\/12\/cropped-cropped-logo_gaszug-maennchen_ohne_tribal_web-e1703154519928.png","width":180,"height":87,"caption":"Gaszug M\u00e4nnchen Logo"},{"@type":"BreadcrumbList","@id":"https:\/\/gaszug-randen.de\/?page_id=5090#breadcrumb","itemListElement":[{"@type":"ListItem","position":1,"name":"Startseite","item":"https:\/\/gaszug-randen.de\/"},{"@type":"ListItem","position":2,"name":"Impressum"}]},{"@type":"WebSite","@id":"https:\/\/gaszug-randen.de\/#website","url":"https:\/\/gaszug-randen.de\/","name":"Gaszug Randen","description":"Guggenmusik","publisher":{"@id":"https:\/\/gaszug-randen.de\/#organization"},"potentialAction":[{"@type":"SearchAction","target":{"@type":"EntryPoint","urlTemplate":"https:\/\/gaszug-randen.de\/?s={search_term_string}"},"query-input":"required name=search_term_string"}],"inLanguage":"de"},{"@type":"Organization","@id":"https:\/\/gaszug-randen.de\/#organization","name":"Gaszug Randen","alternateName":"Guggenmusik","url":"https:\/\/gaszug-randen.de\/","logo":{"@type":"ImageObject","inLanguage":"de","@id":"https:\/\/gaszug-randen.de\/#\/schema\/logo\/image\/","url":"https:\/\/gaszug-randen.de\/wp-content\/uploads\/2023\/12\/cropped-cropped-logo_gaszug-maennchen_ohne_tribal_web-e1703154519928.png","contentUrl":"https:\/\/gaszug-randen.de\/wp-content\/uploads\/2023\/12\/cropped-cropped-logo_gaszug-maennchen_ohne_tribal_web-e1703154519928.png","width":180,"height":87,"caption":"Gaszug Randen"},"image":{"@id":"https:\/\/gaszug-randen.de\/#\/schema\/logo\/image\/"},"sameAs":["https:\/\/www.facebook.com\/gaszug\/?locale=de_DE","https:\/\/www.instagram.com\/gaszug_randen84\/?hl=de"]}]}},"_links":{"self":[{"href":"https:\/\/gaszug-randen.de\/index.php?rest_route=\/wp\/v2\/pages\/5090"}],"collection":[{"href":"https:\/\/gaszug-randen.de\/index.php?rest_route=\/wp\/v2\/pages"}],"about":[{"href":"https:\/\/gaszug-randen.de\/index.php?rest_route=\/wp\/v2\/types\/page"}],"author":[{"embeddable":true,"href":"https:\/\/gaszug-randen.de\/index.php?rest_route=\/wp\/v2\/users\/1"}],"replies":[{"embeddable":true,"href":"https:\/\/gaszug-randen.de\/index.php?rest_route=%2Fwp%2Fv2%2Fcomments&post=5090"}],"version-history":[{"count":12,"href":"https:\/\/gaszug-randen.de\/index.php?rest_route=\/wp\/v2\/pages\/5090\/revisions"}],"predecessor-version":[{"id":5115,"href":"https:\/\/gaszug-randen.de\/index.php?rest_route=\/wp\/v2\/pages\/5090\/revisions\/5115"}],"wp:attachment":[{"href":"https:\/\/gaszug-randen.de\/index.php?rest_route=%2Fwp%2Fv2%2Fmedia&parent=5090"}],"curies":[{"name":"wp","href":"https:\/\/api.w.org\/{rel}","templated":true}]}}